the units digit of w?
5
Let c(f) = 293*f**3 + 6*f**2 - 5*f - 2. What is the thousands digit of c(3)?
7
Suppose -79 = 3*w - 322. What is the tens digit of (-18)/w + (-2598)/81*-3?
9
Suppose 9854 + 4726 = 60*m. Suppose 0 = -0*q - q - 5*u - 143, -2*q - 2*u = 270. Let l = m + q. What is the hundreds digit of l?
1
Let p(z) = 45*z**2 - z + 46. Let i be p(5). Let x = i - 676. What is the units digit of x?
0
Suppose 22*d + 1894 = 7526. Let x = 383 - d. What is the tens digit of x?
2
Let l = -11 + 23. Suppose -2*g = l*g - 280. What is the units digit of g?
0
Suppose -6*p + 25198 + 13670 = 0. What is the units digit of p?
8
Suppose -62587 = -27*q + 7640. Let v = q + -987. What is the units digit of v?
4
Let o(n) = -2*n**3 + 16*n**2 - 14*n + 5. Let l be o(7). Suppose -f = -r - 1198, -4030 = -l*f + r + 1972. What is the thousands digit of f?
1
Let o(a) = -56*a - 163. Let z be o(-19). Let j = z - 244. What is the hundreds digit of j?
6
Let x(i) = i**3 - i**2 - 2*i + 11. Let l be x(0). Suppose 2*r + l = 21. Suppose -250 = -2*y + r*d, 0*y + 526 = 4*y + 3*d. What is the hundreds digit of y?
1
Let g = -38 - -30. Let q be 0 - -3 - (g - -11). Suppose 0*a + 4*a - 264 = q. What is the tens digit of a?
6
Suppose 5*o = -7*z + 186103, 3*z + o = 7*z - 106360. What is the hundreds digit of z?
5
Let r = -47 - -57. What is the units digit of (r/15)/((-18)/(-17037))?
1
Let l(r) = -r - 674. Let m be l(0). Let j(p) = -2*p**3 - 2*p**2 + 13*p + 10. Let n be j(6). Let b = n - m. What is the tens digit of b?
5
Let t = -3344 - -5151. Suppose 3*l - 2*g = 1637, -2*g - 377 = -4*l + t. What is the units digit of l?
7
Let w(q) = 4250*q**2 - 36*q + 1. Let b be w(-1). Let t = -2903 + b. What is the hundreds digit of t?
3
Let n = -134 + 148. Suppose -15*d = -n*d - 320. What is the tens digit of d?
2
Let w(q) = 20*q + 8. Let n be w(-6). What is the hundreds digit of (1 + (-526)/(-14))*n/(-12)?
3
Suppose 0 = -10*m + 6*m + 3672. Suppose -163 = -n + 3*a, -2*a - m = -5*n - 103. What is the tens digit of n?
6
Let r(i) = 207*i + 621. What is the tens digit of r(14)?
1
Suppose 291330 = 138*c - 125*c. What is the ten thousands digit of c?
2
Suppose 0 = -62*f + 47*f - 8775. Let b = -440 - f. What is the tens digit of b?
4
Suppose -4*s - 95 + 119 = 0. Suppose s*t = 15 - 3. Suppose t*z = -3*z + 600. What is the tens digit of z?
2
Let n(i) = -i**2 - 55*i + 354. Let t be n(-61). Let g(d) = d**2 + 4*d + 2*d**2 + 10*d**2 + d**3 - 11. What is the units digit of g(t)?
5
Let j = 345 - 259. What is the units digit of j?
6
What is the thousands digit of (-3)/((-95)/(-10) - 8)*(-65292)/8?
6
Let m = -11462 - -14225. What is the tens digit of m?
6
Let h = -46 - -49. Suppose -3*y = -2*l - 185, -3*l + y - 258 = h*y. What is the units digit of l/5*(-15)/2?
2
Suppose 4*y - 70 = -522. Let m = y - -116. Suppose m*o - 522 = -0*o. What is the hundreds digit of o?
1
Let r be -1 + (-95)/(-1) + 2. Suppose 0 = 39*s + 85 - 280. Suppose 2*z = 3*i - r, 2*i - 56 = -s*z + 8. What is the tens digit of i?
3
Let a(j) = 3*j**3 + 2*j**2 - 10. Let l be 204/54 + (6/(-27))/(-1). What is the units digit of a(l)?
4
Let o(p) = -3*p - 12. Let m be o(13). Let b(x) = -5*x**3 - 2*x**2 + 4*x - 5. Let u be b(-3). Let t = m + u. What is the units digit of t?
9
Suppose -4*u + 11 = -d, u - 5*d + 16 = -d. Suppose -5*n = h + 8, -4*h + u*n + 14 = n. Suppose -h*c = 2*c - 280. What is the tens digit of c?
7
Suppose 5 + 1 = 3*v. Let r = 2104 + 129. What is the tens digit of 8/(-3) + v + r/33?
6
Let y(l) = -12 + 69*l**2 - 3 - 31*l - 26*l**2 + 4 + 25*l**2. What is the units digit of y(5)?
4
Let q(k) = -2*k**3 - 5*k**2 + 16*k + 25. Let a be q(-4). Suppose 0 = i - 2 - 1. Let t = a - i. What is the units digit of t?
6
Let o = 687 - 407. What is the tens digit of o/(-42)*24/(-4)?
4
Let q(z) = -z**3 - 3*z**2 + z - 9. Let f be q(-7). Suppose 5*a - 3*l - f = 2*l, -72 = -2*a + 3*l. What is the tens digit of a?
3
What is the tens digit of 2451 + -7 + 17 - -13?
7
Suppose 2*f - 1496 = -68. Suppose -357 = -9*h + f. What is the tens digit of h?
1
Let v be (2 + (-56)/12)/((-2)/3). Let j(r) = 215*r + 112. What is the hundreds digit of j(v)?
9
Suppose -3*p - 4*z + 11776 = -72835, -3*p = -5*z - 84674. What is the hundreds digit of p?
2
Suppose -19 = -l - 4*z, -2*l - z = -4*z + 6. Suppose l*r + 44 = -5*b, 0 = -3*r - 0*r - 9. What is the units digit of 393/12 - ((-42)/8)/b?
2
Suppose 0 = -2*w - w + b + 15, -b + 33 = 5*w. Let q(g) = -8*g**2 - 702*g + 700. Let j be q(1). What is the units digit of 2352/9 - j/w?
3
Let k = 1486 + -733. Suppose -k = -3*n + 75. What is the hundreds digit of n?
2
Let o be ((-2)/(-2))/((-29)/(-3103)). Let n = o + -17. What is the tens digit of n?
9
Suppose 93 + 19 = -7*d. What is the hundreds digit of ((-214)/(-6))/(-1 - d/12)?
1
Let x(h) = -44404*h**3 - 14*h**2 - 3*h + 4. What is the units digit of x(-1)?
7
Let m = -113 + 167. Let i(k) = 8 + 24*k + 12*k - m. What is the tens digit of i(6)?
7
Suppose -3*b = k - 0*k + 6, -4*k - 2*b = 34. Let r be (-160)/90 - (-2)/k. What is the tens digit of 566/10 + r/(-5)?
5
Let h = -34175 - -71347. What is the tens digit of h?
7
Suppose -21 = -3*k - 15. Suppose 0 - k = -i. Suppose -204 = -i*m - 5*v, 2*v = 3*v - 2. What is the units digit of m?
7
Suppose -229*i + 213*i = -117136. What is the units digit of i?
1
Suppose -4*i + 6725 = -5*t, -t + 2*t = -5*i - 1316. Let m = -666 - t. What is the hundreds digit of m?
6
Let j(u) = -2*u + 33. Let w(k) = k**2 - 3*k + 2. Let t be w(2). Let z be j(t). Suppose -2*i - i + z = 0. What is the units digit of i?
1
Let t be (-3894)/(-8) + -2*3/8. Suppose 3*h + 106 = -4*r - 378, 0 = 3*h + 3*r + t. Let u = 1 - h. What is the hundreds digit of u?
1
What is the thousands digit of (3722/(-6))/(10/60)*-1?
3
Suppose 0 = 4*j - 2*u - 41314, 44*j + 20682 = 46*j + 4*u. What is the thousands digit of j?
0
Let r = 85038 + -29010. What is the tens digit of r?
2
Let m(d) = -4*d**2 + 385*d - 360. What is the tens digit of m(93)?
4
Let k be 97/(-4)*(-16 + -7 - -7). Let z = -317 + k. What is the units digit of z?
1
What is the units digit of (16259/(-426)*9/2)/((-18)/7248)?
8
Let o = -21 - -9. Let a be (4/o)/((-2)/(-18)). What is the units digit of a*((-308)/12 + -1)?
0
Suppose 5*h - 36 = -4*q, 4*h + 0*h + 4*q = 28. Suppose h*i = -62 + 1830. What is the units digit of i?
1
Let d be 2*(-2)/(-8)*-1*18. Let u = -10 - d. What is the tens digit of (50 - u - 1) + -4?
4
Let k = 52735 - 25152. What is the thousands digit of k?
7
Let u(x) = -10*x - 26. Let w(c) = c - 27. Let m be w(19). Let n be u(m). Suppose 8*q - n = -q. What is the units digit of q?
6
Let r = -241 - -143. Let k = r + 241. What is the units digit of k?
3
Suppose -p - 5*p - 90 = 0. Let b(c) = c**3 + 15*c**2 + c + 21. Let h be b(p). Suppose -2*d - 200 = -2*o, 0 = 2*d - h*d - 8. What is the tens digit of o?
9
Let j(y) = y - 4*y**2 - 36*y**3 + 33 - 23 + y. What is the hundreds digit of j(-2)?
2
Let w = 480 + -263. Suppose -1215 = -4*n + w. What is the tens digit of n?
5
Let m = -49 - -56. Suppose w - 2*w = -m. Suppose 438 = -w*q + 13*q. What is the units digit of q?
3
Let d(j) = 260*j + 576. What is the thousands digit of d(5)?
1
What is the units digit of 1351 - 0/18 - 9?
2
Suppose 23*y = 106 + 9. Suppose -y*v = -2*t - 619, -3*t = 8*v - 4*v - 486. What is the hundreds digit of v?
1
Let z(b) = -347*b + 23531. What is the units digit of z(0)?
1
Let r(z) = -z**2 + 6*z + 19. Let k(u) = u**2 - 7*u - 20. Let h(q) = -6*k(q) - 5*r(q). Let d be h(14). What is the units digit of d/(-6)*16/(-12)*-309?
6
What is the units digit of (-4)/1 + (26452 - (-14)/(140/(-30)))?
5
Let g be (-13 - (5 - 10))/((-1)/18). Suppose i = 301 + g. What is the hundreds digit of i?
4
Suppose 0 = 69*k + 80*k - 1344026 - 570177. What is the ten thousands digit of k?
1
Let t(p) = -133*p - 612. Let b be t(-5). Let i(f) = -f**2 + 9*f - 1. Let z be i(4). Let j = z + b. What is the tens digit of j?
7
Suppose 98*p - 145*p = -175122. What is the thousands digit of p?
3
Let r(d) = -2*d**2 - 2*d - 24. Let a be r(-7). Let i = a + 113. What is the tens digit of i + 5/(-1) + 45?
4
What is the thousands digit of (-6447)/(-210) + -31 + -334093*(-2)/20?
3
Suppose -3*j - 7 = 3*y - 106, j = 3*y - 83. Suppose -19 + y = 2*b. Suppose 946 - 131 = b*n. What is the hundreds digit of n?
1
Let c 